{"id":54,"date":"2020-01-05T15:15:04","date_gmt":"2020-01-05T14:15:04","guid":{"rendered":"https:\/\/www.litochovice.cz\/?page_id=54"},"modified":"2025-02-20T15:03:31","modified_gmt":"2025-02-20T14:03:31","slug":"kulturni-akce","status":"publish","type":"page","link":"https:\/\/www.litochovice.cz\/index.php\/kulturni-akce\/","title":{"rendered":"Kulturn\u00ed akce"},"content":{"rendered":"<h2>Seznam kulturn\u00edch akc\u00ed 2025<\/h2>\n<p>Leden \u2013 T\u0159\u00edkr\u00e1lov\u00e1 sb\u00edrka<\/p>\n<p>\u00danor &#8211;\u00a0 Masopustn\u00ed pr\u016fvod,<\/p>\n<p>\u00a0\u00a0\u00a0\u00a0\u00a0\u00a0\u00a0\u00a0\u00a0\u00a0\u00a0 \u00a0\u00a0D\u011btsk\u00fd ma\u0161karn\u00ed ples<\/p>\n<p>B\u0159ezen \u2013 Hasi\u010dsk\u00fd ples SDH Litochovice,<\/p>\n<p>\u00a0\u00a0\u00a0\u00a0\u00a0\u00a0\u00a0\u00a0\u00a0\u00a0\u00a0\u00a0\u00a0\u00a0\u00a0 MD\u017d<\/p>\n<p>Duben \u2013 Velikono\u010dn\u00ed \u0159eht\u00e1n\u00ed<\/p>\n<p>\u010cerven \u2013 D\u011btsk\u00fd den<\/p>\n<p>Srpen \u2013 Chyt\u00e1n\u00ed ryb<\/p>\n<p>Prosinec \u2013 Mikul\u00e1\u0161sk\u00e1 nad\u00edlka<\/p>\n\n\n<p><\/p>\n\n\n\n<p><\/p>\n","protected":false},"excerpt":{"rendered":"<p>Seznam kulturn\u00edch akc\u00ed 2025 Leden \u2013 T\u0159\u00edkr\u00e1lov\u00e1 sb\u00edrka \u00danor &#8211;\u00a0 Masopustn\u00ed pr\u016fvod, \u00a0\u00a0\u00a0\u00a0\u00a0\u00a0\u00a0\u00a0\u00a0\u00a0\u00a0 \u00a0\u00a0D\u011btsk\u00fd ma\u0161karn\u00ed ples B\u0159ezen \u2013 Hasi\u010dsk\u00fd ples SDH Litochovice, \u00a0\u00a0\u00a0\u00a0\u00a0\u00a0\u00a0\u00a0\u00a0\u00a0\u00a0\u00a0\u00a0\u00a0\u00a0 MD\u017d Duben \u2013 Velikono\u010dn\u00ed \u0159eht\u00e1n\u00ed \u010cerven \u2013 D\u011btsk\u00fd den Srpen \u2013 Chyt\u00e1n\u00ed ryb Prosinec \u2013 Mikul\u00e1\u0161sk\u00e1 nad\u00edlka<\/p>\n","protected":false},"author":1,"featured_media":0,"parent":0,"menu_order":0,"comment_status":"closed","ping_status":"closed","template":"","meta":{"footnotes":""},"class_list":["post-54","page","type-page","status-publish","hentry"],"_links":{"self":[{"href":"https:\/\/www.litochovice.cz\/index.php\/wp-json\/wp\/v2\/pages\/54","targetHints":{"allow":["GET"]}}],"collection":[{"href":"https:\/\/www.litochovice.cz\/index.php\/wp-json\/wp\/v2\/pages"}],"about":[{"href":"https:\/\/www.litochovice.cz\/index.php\/wp-json\/wp\/v2\/types\/page"}],"author":[{"embeddable":true,"href":"https:\/\/www.litochovice.cz\/index.php\/wp-json\/wp\/v2\/users\/1"}],"replies":[{"embeddable":true,"href":"https:\/\/www.litochovice.cz\/index.php\/wp-json\/wp\/v2\/comments?post=54"}],"version-history":[{"count":20,"href":"https:\/\/www.litochovice.cz\/index.php\/wp-json\/wp\/v2\/pages\/54\/revisions"}],"predecessor-version":[{"id":2110,"href":"https:\/\/www.litochovice.cz\/index.php\/wp-json\/wp\/v2\/pages\/54\/revisions\/2110"}],"wp:attachment":[{"href":"https:\/\/www.litochovice.cz\/index.php\/wp-json\/wp\/v2\/media?parent=54"}],"curies":[{"name":"wp","href":"https:\/\/api.w.org\/{rel}","templated":true}]}}